 divide z?
True
Suppose -f + 9*h - 6*h = -738, 0 = 4*f - 2*h - 2912. Does 46 divide f?
False
Suppose -i - 3*y = -0*y - 91, -i + 85 = -3*y. Suppose 91*z = i*z + 138. Is z a multiple of 30?
False
Suppose -6214 = -31*l + 18*l. Is l a multiple of 14?
False
Let m(v) = -v**3 + 12*v**2 - 16*v + 51. Is 13 a factor of m(10)?
True
Let s = 2296 + -527. Does 29 divide s?
True
Suppose -344 = -4*x - 13*l + 9*l, 0 = 2*l. Is x a multiple of 2?
True
Let v = -14 + 15. Let t = v - -9. Suppose -c + 30 = t. Is c a multiple of 8?
False
Let u(k) = -73*k + 46. Does 28 divide u(-22)?
True
Suppose -3*y + y = -120. Let i be y*(-1 + (-27)/(-15)). Let o = 68 - i. Does 20 divide o?
True
Let h(w) = 25*w - 11. Let a(q) = q**2 + 7*q + 11. Let u be a(-6). Is h(u) a multiple of 21?
False
Suppose -s + 88 = 289. Let y = -33 - s. Suppose 0 = 5*z + 3*i - i - y, -100 = -3*z - i. Is z a multiple of 6?
False
Let z = -58 - -41. Let t(i) = -i**2 - 17*i + 24. Does 4 divide t(z)?
True
Let a(l) = 195*l**2 + 1. Let r(c) = c**3 - 4*c**2 + 2*c + 3. Let p be r(2). Is a(p) a multiple of 43?
False
Does 24 divide (-172211)/(-156) + (-2)/(-24)?
True
Let j(h) = h - 5. Let i be j(4). Let m be i/(0 + (-2)/10). Suppose -m*f + 75 = 4*s - 190, -3*s + 4*f = -160. Is 17 a factor of s?
False
Let f(a) = 2*a - 10. Let y be f(6). Is 27 a factor of (-1 + y/8)*(-72 - 0)?
True
Let g = 3024 + -305. Is g a multiple of 56?
False
Suppose -8 = -5*s + 7. Let j = -68 - -81. Let o = j - s. Does 5 divide o?
True
Suppose 35 = 2*f + 5*f. Suppose y = -0*y - 5*d - 10, 70 = -4*y - f*d. Let b = 44 - y. Is 16 a factor of b?
True
Suppose 6*r + 14 = c + 2*r, 4*c = 3*r + 4. Does 34 divide (24/(-18))/(2/(-354)) - c?
True
Let b(i) = 3 + 2*i**3 + 4*i - 4*i**3 - 3*i**2 - 2. Let l = -247 + 244. Is b(l) a multiple of 7?
False
Is (-53762)/(-28) + (-6)/84 a multiple of 12?
True
Let b be (684 - 0) + (12/(-6) - 1). Suppose -4*r - r = -h - b, 2*r + h = 271. Is r a multiple of 28?
False
Suppose 0 = 2*c + q + 75, -4*q - 15 - 5 = 0. Is (-12)/15*-5 - c a multiple of 3?
True
Let c be (39 - 2)*(1 + 1 + -1). Let i be 1/((2/6)/1). Let t = c + i. Does 10 divide t?
True
Let s = 13 - 6. Let m be -1 - ((4 - s) + 7). Is 19 a factor of 103 - (m/(-1) + -2)?
False
Suppose -4*v + 8 = -4*s, 4*s - 4 = -0*s - 2*v. Suppose p - 3*x = -2*p + 375, -3*p + 2*x + 370 = s. Is p a multiple of 15?
True
Let t(w) = -w**3 - 31*w**2 - 2*w - 35. Let u be t(-31). Let x(q) = q**2 - 23*q - 80. Is x(u) a multiple of 28?
True
Is (-6 - -3)*(1370/(-6) + -1) a multiple of 19?
False
Let u(d) = d**3 + 2*d**2 - 5*d - 4. Let p be u(-3). Suppose -p*v = -4*v. Suppose 2*o + 0 - 20 = v. Is o a multiple of 3?
False
Let l = -2 + 7. Let m(u) = u**3 - u**2 + 5*u + 1. Let s be m(0). Suppose -3*j + s + 9 = o, -5*o = -l. Does 3 divide j?
True
Is 4 a factor of (69 - 70)/((-1)/41)?
False
Let y(b) = -b**3 + 16*b**2 - 19*b + 1. Let f be y(14). Suppose 0 = -5*u + f + 43. Does 15 divide u?
False
Let v = 13 + -23. Suppose 0 = -11*d + 18*d - 70. Let o = d - v. Is 5 a factor of o?
True
Suppose -6*g + 5*g - 2*u + 2098 = 0, -3*g + 4*u = -6274. Is 25 a factor of g?
False
Let i be ((-8)/(-6))/((-4)/(-6)). Suppose 5*t - 9*t - y = -66, 4*y + 40 = 3*t. Let x = t - i. Is x a multiple of 14?
True
Suppose -2*w + 2920 = 2*w - 3*a, 0 = 2*a. Does 60 divide w?
False
Let y(j) = -j**2 + 3*j + 10. Let k be y(5). Suppose -l + m + 51 = 0, k = -0*l + l + 4*m - 46. Does 13 divide 0 + -2 + l + 2?
False
Let k = -2281 - -3801. Does 38 divide k?
True
Let p be 5 + -2 + (-176 - -2). Let b = p - -271. Is b a multiple of 10?
True
Suppose -37*f + 33*f = 16, -v + f = -268. Does 5 divide v?
False
Let b(f) = 6*f**2 - 47*f + 13. Does 4 divide b(9)?
True
Suppose w - a - 6 = a, 30 = 5*w + a. Suppose 235 = w*v - 71. Is v a multiple of 7?
False
Let i(x) = -x**3 + 9*x**2 + 2*x - 13. Let j be i(9). Suppose -s = c + 6, -j*s - 9 = -2*c + 14. Is 11 a factor of (30/(-12))/(c/6)?
False
Suppose -551*f + 552*f - 158 = 0. Does 10 divide f?
False
Suppose -6*x + 15 = -3*x, -4*n - 3*x = -811. Is 18 a factor of n?
False
Suppose 4*b + 229 + 23 = 0. Let j = -29 - b. Let r = j + -12. Is r a multiple of 6?
False
Suppose 0 = 3*o + u - 1662 - 606, 6 = 2*u. Is o a multiple of 28?
False
Suppose -2*o + 4 + 2 = 0. Suppose -o*z = -15, -3*z = -4*b - 157 - 138. Let c = -37 - b. Is c a multiple of 11?
True
Suppose -2*o = -5*l - 7, 0 = -3*o + 2*l + 4 - 10. Let d = o + 7. Suppose -m - 1 = q, -d*q + 4*q = -5. Is 4 a factor of m?
True
Suppose 3*t + 15 = -0*t, -5*r = 4*t + 25. Let u = 5 + r. Suppose f + 72 = u*f. Is 12 a factor of f?
True
Suppose t - 2*t = 56. Let q be 12/(-16)*-4 - t. Suppose 3*f + 3*z = -f + q, -5*z + 3 = -2*f. Is 9 a factor of f?
False
Let v(w) = 179*w**2 - 6*w - 6. Let g be v(-1). Suppose 50 - g = -k. Does 15 divide k?
False
Suppose -9 = -5*p + 21. Suppose 5*o - p*o + 11 = 0. Suppose 3*v - 12 = -2*n + o, 0 = 5*n - 3*v - 47. Is 5 a factor of n?
True
Suppose 44*g = 38*g + 288. Is g a multiple of 15?
False
Let l(h) = 3*h - 2. Let d = -19 - -21. Let i be l(d). Suppose -102 = -i*f + 158. Does 13 divide f?
True
Is 21 a factor of 56/(-6)*11340/(-168)?
True
Let p(r) be the third derivative of r**5/30 - r**4/2 - 3*r**3/2 + 6*r**2. Let g be p(7). Suppose -60 = -g*s + 3*s + 3*j, s - j - 29 = 0. Is 17 a factor of s?
False
Let v be 4/16 + 9/12. Let x be 320/60 - v/3. Suppose 1 = -x*o + 181. Does 16 divide o?
False
Let t(u) = -u**3 + 8*u**2 + 5*u - 9. Let k be t(5). Let b be 14/k - (-2238)/(-13). Let a = b - -269. Does 11 divide a?
False
Suppose -5*i - j = -91, 0 + 4 = 4*j. Suppose 8*o - i*o = -1380. Is 23 a factor of o?
True
Let t = 129 - 125. Suppose -122 = -t*m - 2*r, 2*m - 2*r - 33 = 31. Does 3 divide m?
False
Let q be (-6)/(-16) - (-13)/8. Suppose -4*x - 25 = -m, x = m - q*m + 50. Is m a multiple of 5?
True
Let n(v) = 11*v**3 - 3*v**2 - v + 2. Let q(f) = 34*f**3 - 10*f**2 - 3*f + 7. Let x(u) = -7*n(u) + 2*q(u). Let l = 3 - 4. Is x(l) a multiple of 9?
True
Suppose 0*p - 2*p + 5*f = -69, 0 = -4*p - 5*f + 123. Let y(w) = 6*w - 8*w + p*w**2 + w. Is y(1) a multiple of 12?
False
Let b be (3 - -1) + 0 + (4 - -106). Let j = 26 + b. Does 18 divide j?
False
Let s = 7 - 4. Suppose 1 = -3*i + 7, -2*k + 6 = 3*i. Suppose k = 4*n - s*n - 40. Does 10 divide n?
True
Let g(x) = x**3 - 6*x**2 - 4*x - 14. Let i be g(7). Suppose 3*f = 40 - i. Let b = 35 - f. Does 8 divide b?
True
Let c(d) = d**2 - 5*d + 3. Let q be c(0). Does 30 divide 2/3 + 154/q + 2?
False
Suppose -3*o + 10 = -2*z, 3*z + 2*o + 25 = -2*z. Let i be 2/z - 10/(-25). Suppose 0*v - 3*v - 5*t + 32 = 0, i = v - 3*t - 20. Is v a multiple of 5?
False
Suppose -2*g + 0 - 4 = 3*r, 2*r = 3*g - 20. Suppose -8*y - 25 = -3*y, -2*y - 186 = -g*d. Is 11 a factor of d?
True
Let i = -32 + 59. Is 32 a factor of (-5)/(5/12)*(-288)/i?
True
Suppose 0 = 14*g - 7751 + 1899. Is g a multiple of 19?
True
Let i be 8/(-52) + (54/13 - 2). Suppose -i*h - m = -31, -h + 3 = 4*m - 2. Does 17 divide h?
True
Let i = 840 + -570. Is 45 a factor of i?
True
Let w = -61 - -7. Let u be (-4)/(-18) + 12/w. Does 6 divide (u - -1)/(2/34)?
False
Suppose l + 2*l = 3*i - 78, 2*l - 2 = 0. Suppose 5*k - 2*k = i. Does 9 divide k?
True
Suppose 2*q - 1408 = -3*l, -4*q = -2*l + 1166 - 3966. Is 31 a factor of q?
False
Suppose 273 + 1107 = 5*m. Is 9 a factor of (-6)/(-21) + m/14?
False
Suppose 36*q = 20047 + 58109. Does 167 divide q?
True
Does 25 divide (-2)/6 + 1862/6 + 8?
False
Suppose 0 = 5*f + 3*x - 2303, f + 3*f - x - 1839 = 0. Suppose 3*h = h - f. Does 28 divide h/(-4) + (-1)/(-2)?
False
Let x(q) = q**2 + q - 2. Let w be x(-2). Let t = 27 + -16. Let j = w + t. Does 11 divide j?
True
Let z(w) = -6*w - 2. Let b be z(-1). Suppose -45 = -b*q + q. Does 5 divide q?
True
Let w(k) = -3*k - 18. Let c be w(-6). Suppose -4*b = 2*r - 232, c*b = 2*b - 3*r - 108. Does 14 divide b?
False
Let b(n) = 25*n**3 + 3*n**2 - 5*n + 9. Is 29 a factor of b(3)?
True
Let q = 346 + 392. Is 6 a factor of q?
True
Suppose o - 1404 = -t - 2*t, 2*o + 5*t = 2808. Does 13 divide o?
True
Let g(v) = 8*v**3 - v**2 + 2*v + 3. Let f be g(-1). Is (-393)/(-8) + 1/f a multiple of 3?
False
Suppose 5*k - 134 = -b, 0 = -k - b + 41 - 11. Suppose 4*n - k - 2 = -l, -3*n + 112 = 4*l. Is l a multiple of 14?
True
Let u = 266 - 251. Is 2 a factor of u?
False
Let w = -11 + 6. Let f be (1/2)/(w/(-50)). Suppose f*r = 269 